02491.
553
What is the highest common divisor of 28944 and 1269?
27
What is the highest common divisor of 1029 and 496321?
343
Calculate the greatest common divisor of 4094 and 1104.
46
Calculate the greatest common factor of 274 and 1042.
2
Calculate the greatest common factor of 1029 and 10689.
21
Calculate the highest common divisor of 904 and 2260.
452
What is the highest common divisor of 4010355 and 45?
45
What is the greatest common factor of 164898 and 738?
18
What is the highest common divisor of 37758 and 17360?
434
What is the greatest common factor of 119624 and 304?
152
Calculate the highest common factor of 40 and 125104.
8
Calculate the greatest common divisor of 110468 and 12.
4
What is the greatest common factor of 49380 and 560?
20
What is the greatest common factor of 74 and 46694?
74
What is the greatest common divisor of 21855 and 41199?
93
Calculate the greatest common factor of 128716 and 56.
28
Calculate the greatest common divisor of 572 and 3607890.
286
Calculate the greatest common factor of 4071808 and 26.
26
Calculate the greatest common factor of 58261 and 522.
29
Calculate the greatest common factor of 160 and 74720.
160
What is the greatest common factor of 392 and 7203?
49
Calculate the greatest common divisor of 30 and 1205010.
30
Calculate the highest common divisor of 66452 and 2516.
148
Calculate the highest common divisor of 873 and 326987.
97
Calculate the greatest common divisor of 35682 and 171.
57
Calculate the greatest common divisor of 640 and 140.
20
Calculate the highest common divisor of 19920355 and 35.
35
Calculate the greatest common divisor of 573 and 766483.
191
Calculate the highest common divisor of 725 and 29319.
29
Calculate the greatest common factor of 65250 and 250.
250
What is the highest common factor of 1148008 and 24?
8
What is the highest common divisor of 6657 and 42?
21
What is the greatest common factor of 2107471 and 137?
137
Calculate the greatest common factor of 1891 and 2257.
61
Calculate the greatest common divisor of 1016 and 64516.
508
What is the greatest common divisor of 134320 and 874?
46
What is the highest common factor of 21689 and 368?
23
What is the highest common divisor of 202036 and 636?
212
What is the highest common factor of 1702 and 9768?
74
What is the greatest common factor of 37635 and 22035?
195
What is the greatest common divisor of 132 and 184?
4
What is the highest common divisor of 18761 and 771?
257
Calculate the highest common divisor of 71 and 5807729.
71
Calculate the greatest common divisor of 1 and 41813.
1
What is the greatest common divisor of 6094469 and 926?
463
What is the highest common factor of 66 and 167728?
22
What is the highest common divisor of 103206 and 3006?
1002
What is the highest common factor of 35405 and 4745?
365
Calculate the highest common divisor of 5680 and 7313.
71
Calculate the greatest common factor of 510 and 2337330.
510
What is the highest common factor of 355 and 2405977?
71
Calculate the greatest common factor of 119092 and 228.
76
What is the highest common factor of 3432 and 378807?
429
What is the greatest common factor of 569966 and 754?
58
What is the highest common divisor of 134691 and 323?
323
What is the greatest common divisor of 1432 and 40?
8
Calculate the highest common factor of 322806 and 33.
33
What is the greatest common factor of 142569 and 248?
31
What is the greatest common divisor of 704 and 49792?
64
What is the greatest common factor of 12 and 64212?
12
Calculate the highest common factor of 998430 and 90.
30
What is the greatest common factor of 26207 and 511?
73
What is the greatest common divisor of 5 and 1576945?
5
Calculate the highest common factor of 48 and 104076.
12
What is the greatest common factor of 27340 and 340?
20
What is the highest common factor of 53 and 352927?
53
What is the greatest common divisor of 38591 and 18907?
259
What is the highest common divisor of 2 and 37838?
2
What is the highest common divisor of 209 and 220781?
11
What is the highest common divisor of 80 and 71408?
16
What is the greatest common divisor of 929630 and 130?
130
What is the greatest common divisor of 8288 and 228179?
259
Calculate the greatest common factor of 1060 and 26924.
212
What is the greatest common factor of 443542 and 44?
22
What is the highest common factor of 47 and 440249?
47
Calculate the highest common factor of 1007676 and 1656.
828
What is the greatest common factor of 1047 and 1246279?
349
Calculate the greatest common divisor of 186 and 21669.
93
What is the greatest common factor of 2088 and 619962?
174
Calculate the greatest common divisor of 2577078 and 84.
42
What is the greatest common divisor of 2819904 and 192?
192
Calculate the highest common factor of 1998 and 978.
6
What is the greatest common divisor of 400811 and 452?
113
Calculate the greatest common factor of 10455 and 642600.
255
Calculate the greatest common divisor of 1768 and 10192.
104
What is the highest common factor of 61046 and 4454?
262
What is the greatest common divisor of 27950 and 8815?
215
What is the highest common factor of 163405 and 55?
55
Calculate the highest common divisor of 35 and 1865.
5
What is the highest common divisor of 2796 and 7212?
12
What is the greatest common factor of 192 and 176208?
48
Calculate the highest common divisor of 617 and 465835.
617
Calculate the highest common factor of 25519 and 1352.
169
What is the highest common factor of 510 and 477258?
102
What is the highest common factor of 30 and 116205?
15
What is the greatest common divisor of 543768 and 60?
12
What is the highest common divisor of 37025 and 400?
25
Calculate the highest common divisor of 2125 and 2275.
25
What is the greatest common divisor of 2010 and 16654860?
2010
What is the greatest common divisor of 1034 and 21526?
94
Calculate the highest common factor of 160846 and 574.
14
What is the greatest common divisor of 322 and 264054?
14
Calculate the greatest common factor of 209 and 4085950.
209
What is the greatest common factor of 7334 and 798?
38
What is the highest common divisor of 92784 and 960?
48
Calculate the greatest common factor of 2115 and 1215.
45
Calculate the greatest common factor of 24 and 703932.
12
What is the greatest common factor of 7587 and 459?
27
Calculate the highest common divisor of 75196 and 44.
44
What is the highest common divisor of 122623 and 94?
47
What is the greatest common factor of 2288 and 343304?
104
What is the highest common divisor of 7644 and 2688?
84
Calculate the greatest common divisor of 1 and 42639.
1
Calculate the highest common divisor of 1733995 and 1439.
1439
Calculate the highest common factor of 261 and 1769.
29
What is the greatest common divisor of 16 and 23164?
4
What is the highest common divisor of 48 and 2676?
12
Calculate the highest common divisor of 13680 and 228285.
855
What is the highest common divisor of 4305 and 3423?
21
What is the greatest common factor of 406 and 14?
14
What is the greatest common factor of 3655824 and 96?
48
Calculate the greatest common factor of 1545 and 161195.
515
Calculate the highest common factor of 243 and 238383.
243
Calculate the highest common factor of 57 and 17946621.
57
Calculate the greatest common factor of 6 and 111262.
2
Calculate the highest common factor of 372590 and 1110.
370
What is the highest common divisor of 50 and 6249250?
50
Calculate the greatest common factor of 404 and 1272398.
202
Calculate the greatest common factor of 80 and 1580.
20
Calculate the greatest common factor of 747 and 22825.
83
What is the greatest common divisor of 721 and 959?
7
Calculate the highest common divisor of 14663 and 279.
31
Calculate the greatest common divisor of 75 and 318.
3
Calculate the highest common factor of 631792 and 84.
28
Calculate the highest common factor of 80680 and 6920.
40
Calculate the greatest common factor of 3350 and 315034.
134
Calculate the greatest common divisor of 4 and 38756.
4
What is the greatest common factor of 1975 and 2318255?
395
Calculate the greatest common divisor of 663 and 32929.
221
What is the greatest common factor of 357 and 11543?
119
Calculate the greatest common divisor of 1240 and 3160.
40
Calculate the greatest common divisor of 380 an